umber?
True
Is 938395547 composite?
False
Is 819651403399 composite?
False
Is 346077096661 a composite number?
True
Is 446268782 a composite number?
True
Is 1310467227 a prime number?
False
Is 6372039097 a composite number?
False
Is 88130569519 a prime number?
True
Is 7345162607 a prime number?
False
Is 30730493513 a composite number?
True
Is 32369894353 prime?
False
Is 433194637 a composite number?
True
Is 286954669 a composite number?
False
Is 67797327607 a prime number?
False
Is 4363561 composite?
False
Is 696298483 composite?
False
Is 620247559 prime?
True
Is 27780998759 a composite number?
True
Is 612915497 a composite number?
True
Is 227503151 prime?
True
Is 28482131 composite?
True
Is 6506924153 a prime number?
False
Is 402807689 a composite number?
True
Is 15089637973 prime?
True
Is 21304568393 prime?
True
Is 73567093 a composite number?
False
Is 212114269 prime?
True
Is 10370746361 a composite number?
True
Is 483559343 composite?
False
Is 6527217467 prime?
False
Is 22226524393 prime?
True
Is 42645815857 composite?
True
Is 1687338287 prime?
False
Is 49463789431 prime?
False
Is 33097508579 a composite number?
True
Is 689083553 a prime number?
False
Is 274660957 composite?
False
Is 41903693593 a composite number?
True
Is 255762779 a composite number?
True
Is 1419246937 a prime number?
True
Is 5630593243 prime?
False
Is 67001329097 a composite number?
False
Is 3033896819 composite?
False
Is 37692671443 a composite number?
True
Is 46615307 a composite number?
False
Is 5813198011 a prime number?
True
Is 19312883699 a composite number?
False
Is 668937953 composite?
False
Is 1068004313 composite?
True
Is 274756217333 a composite number?
True
Is 402482989 a prime number?
False
Is 4697874527 a prime number?
True
Is 687154579 a prime number?
True
Is 262135201 composite?
False
Is 4578020789 composite?
False
Is 486498445 prime?
False
Is 215039161 a composite number?
True
Is 125953637 prime?
True
Is 35649989923 a composite number?
False
Is 12772582153 composite?
False
Is 1213860539 a prime number?
False
Is 163934161 a composite number?
True
Is 40468129 a prime number?
False
Is 1862216959 a prime number?
False
Is 157638040541 a prime number?
True
Is 22712511931 a composite number?
False
Is 1592309729 prime?
True
Is 42211409 prime?
True
Is 2654648809 a prime number?
False
Is 242720353 a composite number?
False
Is 1044576019 composite?
False
Is 3134027671 a prime number?
True
Is 5948479717 composite?
True
Is 13059311 prime?
True
Is 1797149443 a composite number?
True
Is 4355411981 a composite number?
False
Is 10152979877 a prime number?
True
Is 322583657771 a composite number?
False
Is 168351023 a prime number?
False
Is 1258236917 prime?
False
Is 2966082377 composite?
True
Is 9550291319 a prime number?
True
Is 12715583 a composite number?
False
Is 711779291 composite?
False
Is 4871841173 a composite number?
True
Is 853195193 composite?
False
Is 25757776679 a composite number?
False
Is 824483683 a composite number?
False
Is 258035932151 composite?
False
Is 3745456901 a composite number?
False
Is 26584321303 composite?
True
Is 71811624917 a prime number?
False
Is 275345087 composite?
False
Is 68058617 a composite number?
True
Is 12844739 a composite number?
False
Is 8635325971 a prime number?
True
Is 22984237069 a prime number?
True
Is 304284819169 a prime number?
True
Is 624338207 a prime number?
True
Is 2310665843 a composite number?
True
Is 210349660523 a composite number?
True
Is 1789300046 prime?
False
Is 2177675371 a prime number?
True
Is 2460770954 prime?
False
Is 59712521683 prime?
True
Is 65036422141 a composite number?
True
Is 14899881383 a prime number?
False
Is 92408054627 prime?
False
Is 1126236973 a composite number?
True
Is 3351281113 prime?
True
Is 12950633359 a composite number?
False
Is 13668274903 a prime number?
False
Is 19357196167 a composite number?
True
Is 1100003543 a prime number?
False
Is 3523599687 prime?
False
Is 1105009 prime?
True
Is 118338944161 prime?
False
Is 480671453 a prime number?
False
Is 309990949183 composite?
False
Is 2740828703 prime?
True
Is 317111341 prime?
True
Is 274943233 a composite number?
True
Is 10157827 prime?
True
Is 37460703691 a prime number?
False
Is 200103997129 a composite number?
True
Is 742072853 composite?
False
Is 645702391 a composite number?
True
Is 13893561091 composite?
False
Is 12162271243 a composite number?
True
Is 7113759041 prime?
False
Is 42374793109 prime?
False
Is 12074820521 a composite number?
False
Is 9541247531 prime?
False
Is 399857899 prime?
False
Is 26769459767 a composite number?
False
Is 1455473167 a composite number?
True
Is 3535505817 composite?
True
Is 23874581377 prime?
False
Is 5494445267 a prime number?
True
Is 173766347 composite?
True
Is 761398861 composite?
True
Is 52759489759 prime?
True
Is 67478582 composite?
True
Is 103528611751 a prime number?
True
Is 3544428443 composite?
True
Is 15724988291 prime?
True
Is 1987557511 a composite number?
True
Is 54072090923 a prime number?
False
Is 3090021761 a prime number?
True
Is 1444627787 a prime number?
False
Is 2267995531 prime?
True
Is 887540276807 prime?
True
Is 73046843 prime?
False
Is 36454722737 a composite number?
False
Is 17739362339 composite?
True
Is 63531223 a prime number?
False
Is 2156185183 a prime number?
True
Is 203087016805 prime?
False
Is 936803507 composite?
True
Is 3761985727 a prime number?
True
Is 27507008227 a composite number?
False
Is 56523201369 a prime number?
False
Is 1134179003 composite?
False
Is 1055121302 prime?
False
Is 5270006507 composite?
True
Is 37966801759 a composite number?
False
Is 9054217823 prime?
False
Is 190452655091 composite?
True
Is 181925747 a composite number?
False
Is 2294396359 a composite number?
False
Is 1439010103 a composite number?
False
Is 21688444801 composite?
False
Is 1734486707 a prime number?
False
Is 16180210217 composite?
True
Is 4051751521 a composite number?
False
Is 10508602721 prime?
True
Is 337139119 a prime number?
False
Is 24555721363 a composite number?
True
Is 2719682873 prime?
False
Is 53296256359 composite?
True
Is 55628107 composite?
True
Is 1159709393 composite?
False
Is 160698983 prime?
True
Is 582689977 a prime number?
False
Is 8532978049 composite?
True
Is 1029504985 a composite number?
True
Is 712774507 a prime number?
False
Is 5056402283 a composite number?
False
Is 11817414877 a composite number?
True
Is 1701623362 a composite number?
True
Is 216476137 composite?
False
Is 40424134139 a prime number?
True
Is 35292730253 a prime number?
False
Is 714378829 composite?
True
Is 370606417 a composite number?
True
Is 914342101 a composite number?
True
Is 207560851 a composite number?
False
Is 57320211409 prime?
False
Is 11999090867 a prime number?
True
Is 270696939503 composite?
False
Is 1659677347 prime?
False
Is 31018471067 a prime number?
True
Is 44606794303 composite?
True
Is 386977697 composite?
False
Is 469316879 composite?
False
Is 16839980503 prime?
True
Is 145806581 prime?
True
Is 2268668923 prime?
False
Is 55880630362 a composite number?
True
Is 5526337441 prime?
False
Is 214126750555 prime?
False
Is 19860385013 composite?
True
Is 4532576677 a composite number?
False
Is 3974882146 a prime number?
False
Is 1097461999 a composite number?
True
Is 1785548605 a composite number?
True
Is 163914909 a composite number?
True
Is 12125917997 a prime number?
False
Is 4960713229 a prime number?
True
Is 6730244957 a prime number?
True
Is 87256985531 composite?
True
Is 433426307 prime?
True
Is 3535242287 composite?
True
Is 12865404757 a composite number?
True
Is 11462917891 a prime number?
False
Is 1362100949 composite?
True
Is 89916181967 composite?
True
Is 11899860118 composite?
True
Is 83380575427 a prime number?
False
Is 6492209879 composite?
False
Is 846273469 a prime number?
True
Is 88358000243 a composite number?
True
Is 15556810237 prime?
True
Is 2567497197 a prime number?
False
Is 17113565519 composite?
False
Is 121272803 composite?
False
Is 128405051 composite?
True
Is 9306848855 prime?
False
Is 526573741 composite?
False
Is 1017883439 a composite number?
True
Is 7601701847 a composite number?
False
Is 1785646417 a prime number?
False
Is 4373647739 composite?
True
Is 3333862817 prime?
True
Is 8271389873 a composite number?
True
Is 591